{"id":1292,"date":"2023-03-21T13:57:58","date_gmt":"2023-03-21T12:57:58","guid":{"rendered":"https:\/\/muveszvolgykuria.t.onlab.hu\/?post_type=mvk-sight&#038;p=1292"},"modified":"2023-03-24T18:04:44","modified_gmt":"2023-03-24T17:04:44","slug":"tihanyi-felsziget","status":"publish","type":"mvk-sight","link":"https:\/\/muveszvolgykuria.eu\/en\/latnivalok\/tihanyi-felsziget\/","title":{"rendered":"Tihanyi-f\u00e9lsziget"},"content":{"rendered":"\n<p><strong>A Tihanyi-f\u00e9lsziget a&nbsp;<a href=\"https:\/\/www.orszagjaro.net\/uticel\/balaton\/\">Balaton<\/a>&nbsp;\u00e9s Magyarorsz\u00e1g egyik legszebb vid\u00e9ke. Az \u00e1tlagosan 2 kilom\u00e9ter sz\u00e9les f\u00e9lsziget a Balaton \u00e9szaki partj\u00e1n Asz\u00f3f\u0151 t\u00e1j\u00e1n ny\u00falik be a t\u00f3ba. A f\u00e9lsziget 5 kilom\u00e9ter hossz\u00fa, legnagyobb sz\u00e9less\u00e9ge 3,5 kilom\u00e9ter. A Tihanyi-f\u00e9lsziget k\u00f6zigazgat\u00e1silag Tihanyhoz tartozik.<\/strong><\/p>\n\n\n\n<p>A Tihanyi-f\u00e9lszigeten viszonylag kis ter\u00fcleten tal\u00e1lunk sok l\u00e1tnival\u00f3t.&nbsp;Vulkanikus eredet\u00e9t t\u00f6bb, ma is l\u00e1that\u00f3 term\u00e9szeti eml\u00e9k tan\u00fas\u00edtja. A f\u00e9lsziget legmagasabb pontja a nyugaton l\u00e9v\u0151&nbsp;<strong>232 m\u00e9ter magas Cs\u00facs-hegy<\/strong>. Ett\u0151l nem sokkal kisebb a keleten l\u00e9v\u0151&nbsp;<strong>\u00d3v\u00e1r<\/strong>, mely 214 m\u00e9ter magas.<\/p>\n\n\n\n<p>A&nbsp;<strong>Tihanyi-f\u00e9lsziget a Balaton-felvid\u00e9ki Nemzeti Park<\/strong>&nbsp;r\u00e9sze, haz\u00e1nk t\u00e1jv\u00e9delmi k\u00f6rzete \u00e9s kiemelt turisztikai r\u00e9gi\u00f3ja. Magyarorsz\u00e1gon els\u0151k\u00e9nt itt l\u00e9tes\u00fclt t\u00e1jv\u00e9delmi k\u00f6rzet.<\/p>\n\n\n\n<p>A k\u00f6z\u00e9pkorban, pontosabban 1055-ben I. Andr\u00e1s ezen a ter\u00fcleten kir\u00e1lyi temetkez\u00e9si helyet \u00e9p\u00edttetett, f\u00f6l\u00e9 pedig egy monostort, melybe benc\u00e9s szerzeteseket telep\u00edtett. Ezzel megalap\u00edtotta a mai&nbsp;<a href=\"https:\/\/www.orszagjaro.net\/tihany\/\"><strong>Tihany<\/strong><\/a>&nbsp;telep\u00fcl\u00e9s \u0151s\u00e9t. A 13. sz\u00e1zadba \u00fajj\u00e1\u00e9p\u00edtett monostor Tihany \u0151si jelk\u00e9pe.<\/p>\n\n\n\n<p>A Tihanyi-f\u00e9lsziget \u00e9ghajlat\u00e1ban jelent\u0151s szerephez jutnak a d\u00e9l-eur\u00f3pai, szubmediterr\u00e1n von\u00e1sok, melyeket kieg\u00e9sz\u00edt a&nbsp;<a href=\"https:\/\/www.orszagjaro.net\/uticel\/balaton\/\">Balaton<\/a>&nbsp;v\u00edzt\u00f6meg\u00e9nek sz\u00e9ls\u0151s\u00e9geket cs\u00f6kkent\u0151, kiegyenl\u00edt\u0151 hat\u00e1sa. A tavasz lassan meleged\u0151, emiatt a k\u00e9s\u0151i fagyok hat\u00e1sa kisebb. A ny\u00e1r forr\u00f3 \u00e9s sz\u00e1raz. A s\u00f6t\u00e9t sz\u00edn\u0171 szikl\u00e1k \u00e9s talajok miatt helyenk\u00e9nt nehezen elviselhet\u0151 a h\u0151s\u00e9g. Az \u0151sz t\u00f6bbnyire csapad\u00e9kkal k\u00f6sz\u00f6nt be, \u00e9s csak lassan, k\u00e9sve t\u00e1vozik. Az igaz\u00e1n hideg \u00e9s havas t\u00e9l csak a balatoni j\u00e9gtakar\u00f3 kialakul\u00e1sa ut\u00e1n k\u00f6sz\u00f6nt be.<\/p>\n","protected":false},"featured_media":538,"template":"","acf":[],"_links":{"self":[{"href":"https:\/\/muveszvolgykuria.eu\/en\/wp-json\/wp\/v2\/mvk-sight\/1292"}],"collection":[{"href":"https:\/\/muveszvolgykuria.eu\/en\/wp-json\/wp\/v2\/mvk-sight"}],"about":[{"href":"https:\/\/muveszvolgykuria.eu\/en\/wp-json\/wp\/v2\/types\/mvk-sight"}],"wp:featuredmedia":[{"embeddable":true,"href":"https:\/\/muveszvolgykuria.eu\/en\/wp-json\/wp\/v2\/media\/538"}],"wp:attachment":[{"href":"https:\/\/muveszvolgykuria.eu\/en\/wp-json\/wp\/v2\/media?parent=1292"}],"curies":[{"name":"wp","href":"https:\/\/api.w.org\/{rel}","templated":true}]}}

Tihanyi-félsziget

<p><strong>A Tihanyi-félsziget a&nbsp;<a href="https://www.orszagjaro.net/uticel/balaton/">Balaton</a>&nbsp;és Magyarország egyik legszebb vidéke. Az átlagosan 2 kilométer széles félsziget a Balaton északi partján Aszófő táján nyúlik be a tóba. A félsziget 5 kilométer hosszú, legnagyobb szélessége 3,5 kilométer. A Tihanyi-félsziget közigazgatásilag Tihanyhoz tartozik.</strong></p>



<p>A Tihanyi-félszigeten viszonylag kis területen találunk sok látnivalót.&nbsp;Vulkanikus eredetét több, ma is látható természeti emlék tanúsítja. A félsziget legmagasabb pontja a nyugaton lévő&nbsp;<strong>232 méter magas Csúcs-hegy</strong>. Ettől nem sokkal kisebb a keleten lévő&nbsp;<strong>Óvár</strong>, mely 214 méter magas.</p>



<p>A&nbsp;<strong>Tihanyi-félsziget a Balaton-felvidéki Nemzeti Park</strong>&nbsp;része, hazánk tájvédelmi körzete és kiemelt turisztikai régiója. Magyarországon elsőként itt létesült tájvédelmi körzet.</p>



<p>A középkorban, pontosabban 1055-ben I. András ezen a területen királyi temetkezési helyet építtetett, fölé pedig egy monostort, melybe bencés szerzeteseket telepített. Ezzel megalapította a mai&nbsp;<a href="https://www.orszagjaro.net/tihany/"><strong>Tihany</strong></a>&nbsp;település ősét. A 13. századba újjáépített monostor Tihany ősi jelképe.</p>



<p>A Tihanyi-félsziget éghajlatában jelentős szerephez jutnak a dél-európai, szubmediterrán vonások, melyeket kiegészít a&nbsp;<a href="https://www.orszagjaro.net/uticel/balaton/">Balaton</a>&nbsp;víztömegének szélsőségeket csökkentő, kiegyenlítő hatása. A tavasz lassan melegedő, emiatt a késői fagyok hatása kisebb. A nyár forró és száraz. A sötét színű sziklák és talajok miatt helyenként nehezen elviselhető a hőség. Az ősz többnyire csapadékkal köszönt be, és csak lassan, késve távozik. Az igazán hideg és havas tél csak a balatoni jégtakaró kialakulása után köszönt be.</p>
